{"id":27,"date":"2017-02-14T15:44:34","date_gmt":"2017-02-14T17:44:34","guid":{"rendered":"http:\/\/guia.canoas.ifrs.edu.br\/?page_id=27"},"modified":"2024-02-12T13:24:31","modified_gmt":"2024-02-12T15:24:31","slug":"sobre-o-ifrs","status":"publish","type":"page","link":"https:\/\/guia.canoas.ifrs.edu.br\/index.php\/sobre-o-ifrs\/","title":{"rendered":"Sobre o IFRS"},"content":{"rendered":"<p><img loading=\"lazy\" decoding=\"async\" class=\" wp-image-338 alignright\" src=\"http:\/\/guia.canoas.ifrs.edu.br\/wp-content\/uploads\/2024\/02\/Reitoria_IFRS1-199x300.jpg\" alt=\"\" width=\"380\" height=\"573\" srcset=\"https:\/\/guia.canoas.ifrs.edu.br\/wp-content\/uploads\/2024\/02\/Reitoria_IFRS1-199x300.jpg 199w, https:\/\/guia.canoas.ifrs.edu.br\/wp-content\/uploads\/2024\/02\/Reitoria_IFRS1.jpg 371w\" sizes=\"auto, (max-width: 380px) 100vw, 380px\" \/><\/p>\n<p>O Instituto Federal de Educa\u00e7\u00e3o, Ci\u00eancia e Tecnologia do Rio Grande do Sul (IFRS) \u00e9 uma institui\u00e7\u00e3o federal de ensino p\u00fablico e gratuito que se prop\u00f5e a oferecer ensino humanizado, cr\u00edtico e cidad\u00e3o.<\/p>\n<p>Tem <a href=\"https:\/\/ifrs.edu.br\/nossos-campi\/\" target=\"_blank\" rel=\"noopener noreferrer\">cursos gratuitos<\/a>\u00a0em 16 munic\u00edpios ga\u00fachos. Entre as ofertas est\u00e3o cursos de ensino m\u00e9dio junto com o t\u00e9cnico, para quem\u00a0tem o ensino fundamental completo. Quem est\u00e1 fazendo o ensino m\u00e9dio em outra institui\u00e7\u00e3o de ensino (p\u00fablica ou privada) pode cursar somente a forma\u00e7\u00e3o t\u00e9cnica no IFRS, em um t\u00e9cnico concomitante ao ensino m\u00e9dio.<\/p>\n<p>Outra op\u00e7\u00e3o \u00e9 o ensino m\u00e9dio mais o curso t\u00e9cnico integrado na modalidade Educa\u00e7\u00e3o de Jovens e Adultos (EJA), para quem tem 18 anos de idade ou mais e o ensino fundamental completo. Aqueles com ensino m\u00e9dio completo podem optar por um curso t\u00e9cnico subsequente ao ensino m\u00e9dio para ter uma forma\u00e7\u00e3o t\u00e9cnica ou ent\u00e3o por uma gradua\u00e7\u00e3o, para uma forma\u00e7\u00e3o superior.<\/p>\n<p>O IFRS oferece ainda cursos de p\u00f3s-gradua\u00e7\u00e3o, como especializa\u00e7\u00f5es e mestrados, e de cursos de extens\u00e3o. H\u00e1 tamb\u00e9m <strong>mais de 170 op\u00e7\u00f5es de\u00a0<a href=\"https:\/\/moodle.ifrs.edu.br\/\" target=\"_blank\" rel=\"noopener noreferrer\">cursos a dist\u00e2ncia (EaD)<\/a>\u00a0gratuitos<\/strong>, com cargas hor\u00e1rias entre 20h e 200h, que podem ser feitos por qualquer interessado.<\/p>\n<p>\u00a0<\/p>\n<p><strong>As unidades do Instituto s\u00e3o:\u00a0<\/strong><\/p>\n<p>Campus Alvorada, Campus Bento Gon\u00e7alves, Campus Canoas, Campus Caxias do Sul, Campus Erechim, Campus Farroupilha, Campus Feliz, Campus Ibirub\u00e1, Campus Os\u00f3rio, Campus Porto Alegre, Campus Restinga (Porto Alegre), Campus Rio Grande, Campus Rolante, Campus Sert\u00e3o, Campus Vacaria, Campus Veran\u00f3polis e Campus Viam\u00e3o. A Reitoria (foto) \u00e9 em Bento Gon\u00e7alves.<\/p>\n<p>No total, s\u00e3o aproximadamente\u00a020 mil\u00a0alunos e 260\u00a0op\u00e7\u00f5es de cursos (<a href=\"https:\/\/ifrs.edu.br\/cursos\/\" target=\"_blank\" rel=\"noopener noreferrer\">confira aqui<\/a>). O quadro de servidores \u00e9 composto por mais de\u00a01.150\u00a0professores e\u00a0970\u00a0t\u00e9cnicos administrativos (acesse o\u00a0<a href=\"https:\/\/painel.ifrs.edu.br\/recursos\/pessoal\/\" target=\"_blank\" rel=\"noopener noreferrer\">Painel IFRS)<\/a>.\u00a0Conhe\u00e7a tamb\u00e9m a atua\u00e7\u00e3o dos servidores do IFRS e os projetos desenvolvidos na institui\u00e7\u00e3o no\u00a0<a href=\"https:\/\/integra.ifrs.edu.br\/\" target=\"_blank\" rel=\"noopener noreferrer\">Portal Integra<\/a>.<\/p>\n<p>\u00a0<\/p>\n<h4><b>Destaques conquistados<\/b><\/h4>\n<p>O IFRS possui conceito 4 (quatro) no \u00cdndice Geral de Cursos (IGC), em uma escala crescente que vai at\u00e9 cinco.\u00a0 Os dados referem-se ao ano de 2021 e foram divulgados em mar\u00e7o de 2023 pelo Minist\u00e9rio da Educa\u00e7\u00e3o (MEC). Esse \u00e9 um dos indicadores de qualidade da educa\u00e7\u00e3o superior.<\/p>\n<p>O Instituto avan\u00e7ou no \u00cdndice Geral de Cursos (IGC) cont\u00ednuo, passando de 3,266 para 3,285. Com essa melhora, ficou com o segundo maior IGC cont\u00ednuo entre os 38 Institutos Federais. (<a href=\"https:\/\/ifrs.edu.br\/viamao\/instituto-federal-do-rio-grande-do-sul-avanca-no-indice-geral-de-cursos\/\" target=\"_blank\" rel=\"noopener noreferrer\">saiba mais<\/a>).\u00a0<\/p>\n<p>O IFRS tamb\u00e9m est\u00e1 classificado entre as melhores universidades do mundo no ranking do Centro de Classifica\u00e7\u00f5es Universit\u00e1rias Mundiais (CWUR). No ano de 2022, conquistou pela quarta vez consecutiva coloca\u00e7\u00e3o nesta listagem que contempla institui\u00e7\u00f5es do mundo inteiro\u00a0(<a href=\"https:\/\/ifrs.edu.br\/ifrs-esta-entre-as-melhores-universidades-do-mundo-pelo-terceiro-ano\/\" target=\"_blank\" rel=\"noopener noreferrer\">saiba mais<\/a>).<\/p>\n<p>\u00a0<\/p>\n<h4><b>D\u00favidas mais frequentes:<\/b><\/h4>\n<p>\u00a0<\/p>\n<p><b>O que \u00e9 um Instituto Federal?<\/b><\/p>\n<p>\u00c9 uma institui\u00e7\u00e3o de ensino p\u00fablica (ligada ao governo federal), especializada na oferta de educa\u00e7\u00e3o profissional e tecnol\u00f3gica, que orienta a oferta de cursos visando ao fortalecimento dos arranjos produtivos, sociais e culturais das localidades onde est\u00e1 instalado. O IFRS oferece cursos de forma\u00e7\u00e3o inicial continuada (cursos r\u00e1pidos), cursos t\u00e9cnicos de n\u00edvel m\u00e9dio, de gradua\u00e7\u00e3o e de p\u00f3s-gradua\u00e7\u00e3o (especializa\u00e7\u00e3o e mestrado). Seu nome completo \u00e9 Instituto Federal de Educa\u00e7\u00e3o, Ci\u00eancia e Tecnologia do Rio Grande do Sul (IFRS), mas tamb\u00e9m \u00e9 chamado pela forma resumida: Instituto Federal do Rio Grande do Sul; ou pela sigla, que \u00e9 pronunciada letra por letra [<strong>i-efe-erre-esse<\/strong>] ou com as duas primeiras letras lidas como palavra e as duas \u00faltimas soletradas [<strong>if-erre-esse<\/strong>].<\/p>\n<p>\u00a0<\/p>\n<p><b>No Rio Grande do Sul, como \u00e9 a atua\u00e7\u00e3o dos Institutos Federais?<\/b><\/p>\n<p>No Rio Grande do Sul, atuam tr\u00eas institutos federais: Instituto Federal do Rio Grande do Sul (IFRS), Instituto Federal Sul-riograndense (IFSul) e Instituto Federal Farroupilha (IFFarroupilha).<\/p>\n<p>\u00a0<\/p>\n<p><b>Qual a diferen\u00e7a entre um instituto federal e uma universidade p\u00fablica federal?<\/b><\/p>\n<p>Ambos s\u00e3o institui\u00e7\u00f5es federais, mas possuem atua\u00e7\u00e3o diferente. Uma universidade federal oferece cursos de gradua\u00e7\u00e3o e p\u00f3s-gradua\u00e7\u00e3o. Os institutos federais atuam em diversas modalidades de ensino, desde o m\u00e9dio t\u00e9cnico at\u00e9 a p\u00f3s-gradua\u00e7\u00e3o.<\/p>\n<p>\u00a0<\/p>\n<p><b>Como eu posso estudar no IFRS?<br \/><\/b><\/p>\n<p>O ingresso varia conforme a modalidade de curso. Para os cursos r\u00e1pidos, h\u00e1 um processo seletivo simplificado. Para os cursos t\u00e9cnicos concomitantes ou integrados ao ensino m\u00e9dio, \u00e9 preciso ter ensino fundamental completo e a sele\u00e7\u00e3o para ingresso ocorre via processo seletivo pr\u00f3prio (realizado duas vezes ao ano). Para os cursos t\u00e9cnicos subsequentes ao ensino m\u00e9dio, \u00e9 preciso ter o ensino m\u00e9dio completo e a sele\u00e7\u00e3o se d\u00e1 por processo seletivo pr\u00f3prio (duas vezes ao ano) ou pela nota do Enem. Para os cursos superiores, \u00e9 necess\u00e1rio ter ensino m\u00e9dio completo e a sele\u00e7\u00e3o acontece por processo seletivo pr\u00f3prio (duas vezes ao ano), pela nota do Enem ou pelo Sisu. Os cursos de p\u00f3s-gradua\u00e7\u00e3o t\u00eam sele\u00e7\u00f5es pr\u00f3prias diferenciadas. Confira o <a href=\"http:\/\/ingresso.ifrs.edu.br\/\" target=\"_blank\" rel=\"noopener noreferrer\">Portal de Ingresso<\/a>.<\/p>\n<p>\u00a0<\/p>\n<p><b>Como eu posso trabalhar no IFRS?<\/b><\/p>\n<p>Como institui\u00e7\u00e3o p\u00fablica, a sele\u00e7\u00e3o dos servidores do IFRS ocorre via concurso p\u00fablico. Confira o endere\u00e7o <a href=\"http:\/\/www.ifrs.edu.br\/site\/www.ifrs.edu.br\/concursos\" target=\"_blank\" rel=\"noopener noreferrer\">www.ifrs.edu.br\/concursos<\/a>.<\/p>\n\n\n<p><\/p>\n","protected":false},"excerpt":{"rendered":"<p>O Instituto Federal de Educa\u00e7\u00e3o, Ci\u00eancia e Tecnologia do Rio Grande do Sul (IFRS) \u00e9 uma institui\u00e7\u00e3o federal de ensino p\u00fablico e gratuito que se prop\u00f5e a oferecer ensino humanizado, cr\u00edtico e cidad\u00e3o. Tem cursos gratuitos\u00a0em 16 munic\u00edpios ga\u00fachos. Entre<\/p>\n","protected":false},"author":2,"featured_media":0,"parent":0,"menu_order":0,"comment_status":"closed","ping_status":"closed","template":"","meta":{"footnotes":""},"class_list":["post-27","page","type-page","status-publish","hentry"],"_links":{"self":[{"href":"https:\/\/guia.canoas.ifrs.edu.br\/index.php\/wp-json\/wp\/v2\/pages\/27","targetHints":{"allow":["GET"]}}],"collection":[{"href":"https:\/\/guia.canoas.ifrs.edu.br\/index.php\/wp-json\/wp\/v2\/pages"}],"about":[{"href":"https:\/\/guia.canoas.ifrs.edu.br\/index.php\/wp-json\/wp\/v2\/types\/page"}],"author":[{"embeddable":true,"href":"https:\/\/guia.canoas.ifrs.edu.br\/index.php\/wp-json\/wp\/v2\/users\/2"}],"replies":[{"embeddable":true,"href":"https:\/\/guia.canoas.ifrs.edu.br\/index.php\/wp-json\/wp\/v2\/comments?post=27"}],"version-history":[{"count":10,"href":"https:\/\/guia.canoas.ifrs.edu.br\/index.php\/wp-json\/wp\/v2\/pages\/27\/revisions"}],"predecessor-version":[{"id":377,"href":"https:\/\/guia.canoas.ifrs.edu.br\/index.php\/wp-json\/wp\/v2\/pages\/27\/revisions\/377"}],"wp:attachment":[{"href":"https:\/\/guia.canoas.ifrs.edu.br\/index.php\/wp-json\/wp\/v2\/media?parent=27"}],"curies":[{"name":"wp","href":"https:\/\/api.w.org\/{rel}","templated":true}]}}