{"id":41,"date":"2017-02-14T15:47:49","date_gmt":"2017-02-14T17:47:49","guid":{"rendered":"http:\/\/guia.canoas.ifrs.edu.br\/?page_id=41"},"modified":"2017-02-16T12:54:59","modified_gmt":"2017-02-16T14:54:59","slug":"laboratorios","status":"publish","type":"page","link":"https:\/\/guia.canoas.ifrs.edu.br\/index.php\/laboratorios\/","title":{"rendered":"Laborat\u00f3rios"},"content":{"rendered":"<p><img loading=\"lazy\" decoding=\"async\" class=\"wp-image-226 size-full alignright\" src=\"http:\/\/guia.canoas.ifrs.edu.br\/wp-content\/uploads\/2017\/02\/Guia-Labs.jpg\" width=\"351\" height=\"251\" \/>Os estudantes podem utilizar os laborat\u00f3rios para estudar, fazer pesquisas, trabalhos e demais atividades. Para tanto, precisam seguir algumas orienta\u00e7\u00f5es expressas em documentos oficiais da institui\u00e7\u00e3o, como as pol\u00edticas e os regulamentos que disciplinam o uso dos diversos laborat\u00f3rios.<\/p>\n<p>Os t\u00e9cnicos possuem escala de hor\u00e1rio espec\u00edfica para atender \u00e0s demandas dos laborat\u00f3rios fora do hor\u00e1rio das aulas. O acesso a qualquer um aos laborat\u00f3rios apenas \u00e9 poss\u00edvel com a autoriza\u00e7\u00e3o de um dos t\u00e9cnicos que ficam na sala E-3.<\/p>\n<p><strong>Importante<\/strong><\/p>\n<ul>\n<li>Todos os usu\u00e1rios dever\u00e3o usar crach\u00e1s de identifica\u00e7\u00e3o do IFRS para acessar e permanecer nos laborat\u00f3rios.<\/li>\n<li>\u00c9 proibido consumir qualquer tipo de alimento e\/ou bebida nas depend\u00eancias dos laborat\u00f3rios.<\/li>\n<\/ul>\n<p>&nbsp;<\/p>\n<h4>Laborat\u00f3rios de Inform\u00e1tica<\/h4>\n<p>Acesse a <a href=\"http:\/\/www.canoas.ifrs.edu.br\/site\/midias\/arquivos\/201672985648459politica_de_uso_dos_laboratorios.pdf\" target=\"_blank\">Pol\u00edtica de Uso dos Laborat\u00f3rios de Inform\u00e1tica<\/a><\/p>\n<p>&nbsp;<\/p>\n<h4>Laborat\u00f3rio de Ensino de Matem\u00e1tica &#8211; LEMA<\/h4>\n<p>A utiliza\u00e7\u00e3o do Laborat\u00f3rio de Ensino de Matem\u00e1tica pelos alunos do Curso de Licenciatura em Matem\u00e1tica para atividades extracurriculares estar\u00e1 vinculada aos hor\u00e1rios divulgados no <a href=\"http:\/\/labensmat.wixsite.com\/lema\" target=\"_blank\">site do LEMA<\/a>\u00a0e a presen\u00e7a de pelo menos um dos alunos bolsistas vinculados ao Projeto Laborat\u00f3rio de Ensino de Matem\u00e1tica.<\/p>\n<p>Al\u00e9m da Pol\u00edtica de Uso dos Laborat\u00f3rios de Inform\u00e1tica do Campus Canoas, os estudantes devem seguir tamb\u00e9m as regras do <a href=\"http:\/\/www.canoas.ifrs.edu.br\/site\/midias\/arquivos\/2016119115853990regulamento_matematica_laboratorios.pdf\" target=\"_blank\">Regulamento de Uso do Laborat\u00f3rio de Ensino de Matem\u00e1tica<\/a><\/p>\n","protected":false},"excerpt":{"rendered":"<p>Os estudantes podem utilizar os laborat\u00f3rios para estudar, fazer pesquisas, trabalhos e demais atividades. Para tanto, precisam seguir algumas orienta\u00e7\u00f5es expressas em documentos oficiais da institui\u00e7\u00e3o, como as pol\u00edticas e os regulamentos que disciplinam o uso dos diversos laborat\u00f3rios. Os<\/p>\n","protected":false},"author":2,"featured_media":0,"parent":0,"menu_order":0,"comment_status":"closed","ping_status":"closed","template":"","meta":{"footnotes":""},"class_list":["post-41","page","type-page","status-publish","hentry"],"_links":{"self":[{"href":"https:\/\/guia.canoas.ifrs.edu.br\/index.php\/wp-json\/wp\/v2\/pages\/41","targetHints":{"allow":["GET"]}}],"collection":[{"href":"https:\/\/guia.canoas.ifrs.edu.br\/index.php\/wp-json\/wp\/v2\/pages"}],"about":[{"href":"https:\/\/guia.canoas.ifrs.edu.br\/index.php\/wp-json\/wp\/v2\/types\/page"}],"author":[{"embeddable":true,"href":"https:\/\/guia.canoas.ifrs.edu.br\/index.php\/wp-json\/wp\/v2\/users\/2"}],"replies":[{"embeddable":true,"href":"https:\/\/guia.canoas.ifrs.edu.br\/index.php\/wp-json\/wp\/v2\/comments?post=41"}],"version-history":[{"count":7,"href":"https:\/\/guia.canoas.ifrs.edu.br\/index.php\/wp-json\/wp\/v2\/pages\/41\/revisions"}],"predecessor-version":[{"id":251,"href":"https:\/\/guia.canoas.ifrs.edu.br\/index.php\/wp-json\/wp\/v2\/pages\/41\/revisions\/251"}],"wp:attachment":[{"href":"https:\/\/guia.canoas.ifrs.edu.br\/index.php\/wp-json\/wp\/v2\/media?parent=41"}],"curies":[{"name":"wp","href":"https:\/\/api.w.org\/{rel}","templated":true}]}}